. List the prime factors of y.
7, 29
Let y(d) = -d**3 + 3*d**2 - d. Let f be y(1). Suppose 0 = -3*c + f + 44. List the prime factors of ((-260)/c)/((-2)/3).
2, 13
Let u = -62 - -44. Let v(a) = -a**2 - 24*a + 28. What are the prime factors of v(u)?
2, 17
Suppose n + 12 = 16. Suppose 4*a = -n*y + 3 + 13, -5*a = 3*y - 12. Suppose a = 5*o + 2*x - 0*x - 200, 0 = 2*o - 2*x - 94. List the prime factors of o.
2, 3, 7
What are the prime factors of (-2 - (-11 + 8)) + 2421?
2, 7, 173
Suppose 5*n + 2*p + 14 = 0, -n - 4*p - 18 = 4*n. Let s(r) = r**3 + r**2 - 3*r - 5. Let c be s(n). Let o = c - -8. What are the prime factors of o?
5
Let y(q) = -3*q**3 + 3*q**2 - 1. Let i(a) = a**3 - a**2. Let l(t) = -i(t) - y(t). Let w be l(-1). List the prime factors of 57/w*1/(-1).
19
Let p be ((-16)/10)/((-2)/5 + 0). Suppose p*q = -199 + 555. What are the prime factors of q?
89
Suppose -15 = -2*b + 109. List the prime factors of b - 9/(-3) - 0.
5, 13
Let x be 125/(7 + -2) - -3. Let g = x - 18. List the prime factors of g.
2, 5
Let d(s) = s. Let w(f) = f**2 - 4*f - 7. Let l be w(5). Let h be d(l). Let p(c) = -13*c. List the prime factors of p(h).
2, 13
Suppose 6*k = 4*k - 5*h - 7, -5*h - 4 = -k. Let r be (-2)/k*(-21)/(-6). Suppose 0 = -j + r + 11. List the prime factors of j.
2, 3
Suppose 9*b = 12*b - 18. Suppose b*y - 12*y = -96. What are the prime factors of y?
2
List the prime factors of (-2 - 7)*((-860)/15 + 5).
3, 157
Let h be (-16)/2 + 4 + -2. Let b(o) = 2*o + 14. Let l be b(h). Suppose x - 64 = 3*f, 3*f + 0*f = l*x - 122. List the prime factors of x.
2, 29
Suppose -38*y + 37*y = -81. Let d = y - 31. List the prime factors of d.
2, 5
Suppose -b - 5*l = -2*l + 27, -2*b = -4*l + 4. Suppose 4*q = 2*q + 6. What are the prime factors of -4 + b*(-4)/q?
2, 3
Suppose 5*i = -0*i + 15. Let u be 2 + i*-2*2. Let k = 26 - u. List the prime factors of k.
2, 3
Let a = 2826 + -1642. List the prime factors of a.
2, 37
Suppose 51*g + 1556 = 55*g. What are the prime factors of g?
389
Suppose -73*w = -9*w - 90304. List the prime factors of w.
17, 83
Suppose -5*i = 3*s - 17, 4*s - 4*i = 3*s. Suppose -3*v - 2 = -k, v = s*v - 3*k + 6. What are the prime factors of v/1 - (-108)/3?
2, 3
Let f(j) = j**3 + 30*j**2 - 33*j - 22. Let a be f(-31). Suppose 43*x - 855 = a*x. List the prime factors of x.
3, 5, 19
Let z be -85*((-30)/25)/2. Let g = z - 5. What are the prime factors of g?
2, 23
Let d(t) = -4*t - 13. Let a = 19 + -37. Let h be (-9)/a + (-15)/2. List the prime factors of d(h).
3, 5
Let x = -14 + 20. Let u be (4/(-6))/((-2)/x). What are the prime factors of (0 - u) + 9 + -3?
2
Suppose 3*m - 2*h + h - 4 = 0, 5*m - 20 = -5*h. Suppose 5*l = m*f - 68, 4*f = -6*l + 3*l + 188. List the prime factors of f.
2, 11
Suppose 4*p - 4*q = -484, 4*p + 479 = -3*q + 8*q. Let o be (p/(-56))/(3/8). Suppose 0 = o*t - 223 - 143. What are the prime factors of t?
61
Let r = 129 + -53. Let d = r - 34. What are the prime factors of d?
2, 3, 7
Let n = -42 + 42. What are the prime factors of 16 - (n + -3 + 4)?
3, 5
Let w(a) = -4*a + 3*a - 28 + 5*a + 7. Let v be w(6). What are the prime factors of (v/(-2))/(3/(-44))?
2, 11
Suppose -4*h = 3*v - 31, -2*v - 7 = -5*h + 3. Suppose -w = -3*k + 58, h*w = -4*k - k + 74. What are the prime factors of k - 7/(21/6)?
2
Let o = -212 - -299. Suppose 3*c + o = 6*c. Suppose -c = -3*x - 2*b, -2*b = -4*x + 5 + 15. List the prime factors of x.
7
Suppose -3*r - 2*x + 289 = 0, 307 = 2*r + x + 113. Let u be 904/(-18) + 22/r. Let o = -30 - u. List the prime factors of o.
2, 5
Let i(h) be the second derivative of -h**5/20 - h**4/4 - h**3/3 + h**2/2 + 11*h. What are the prime factors of i(-3)?
7
Let h(t) = -t**2 - 9*t + 2. Let q be h(-11). What are the prime factors of 6/(-10) - 452/q?
2, 11
Let q = 2 + 111. Let y = -74 + q. Suppose 2*l - 3 = y. What are the prime factors of l?
3, 7
Let y(p) be the first derivative of -p**4/4 - 2*p**3 + 19*p**2 - 37. What are the prime factors of y(-11)?
11, 17
Let b = -11 - -14. Suppose 192 = b*o + 3*o. List the prime factors of o.
2
Suppose 5*s = -11 + 111. List the prime factors of s.
2, 5
Suppose -4*b = -16, -q + 4*q + 4*b = -98. Suppose -2*m - p + 5 = 0, 0 = -3*m + m + 3*p + 1. List the prime factors of m/(2 - q/(-20)).
2, 5
Let z(r) be the second derivative of -r**5/20 + 5*r**4/12 + r**3/2 - 2*r**2 - r. Let j(p) = p**2 + p + 2. Let h be j(-2). List the prime factors of z(h).
2, 3
Let b(p) = 188*p**2 - 187*p**2 - 1 - 4*p + 2*p. What are the prime factors of b(-4)?
23
Let c = -31 + 9. Let n = 61 + c. Suppose n = 4*p + 2*q - 9, -p + 17 = -2*q. List the prime factors of p.
13
Let y be 5/(-10) - 273/(-6). Let n = 56 + y. List the prime factors of n.
101
Suppose 3*h + 12 + 23 = l, 0 = -h. List the prime factors of l.
5, 7
Let k = -20 + -137. Let f = k - -346. What are the prime factors of f?
3, 7
Suppose -2987 = 5*h - 5*o - 632, -2*o - 2320 = 5*h. What are the prime factors of h*((-26)/28 - 21/(-49))?
233
Let i = -18 - -33. Let x = 16 - i. List the prime factors of (-32)/1*-1*x.
2
Let r(k) be the first derivative of -5*k**2/2 + 30*k - 22. What are the prime factors of r(-19)?
5
Let u(l) = 190*l + 146. List the prime factors of u(13).
2, 3, 109
Let m(u) = 106*u**2 - 13*u + 16. List the prime factors of m(5).
3, 17
Let p(z) be the third derivative of z**6/120 + 3*z**5/20 + z**4/6 - 3*z**3/2 - 10*z**2. What are the prime factors of p(-6)?
3, 5
Suppose 0 = 2*p + 5 - 1. Let y be 5/p*4/(-2). Suppose y*d - 21 = 4*g, g = 5*d - 19 - 5. List the prime factors of d.
5
Let g(p) be the third derivative of -1/60*p**5 - 4*p**2 - 2/3*p**4 + 0 - 13/6*p**3 + 0*p. What are the prime factors of g(-12)?
5, 7
Let m(g) = -23*g - 16. Let s(x) = -35*x - 24. Let n(u) = -8*m(u) + 5*s(u). Let j be n(4). Suppose -6*o + 386 = j. List the prime factors of o.
3, 19
Let u(w) = 3705*w**3 + 14*w**2 - 16*w. What are the prime factors of u(1)?
7, 23
Let i = 5 - 1. Suppose -5*p - s + 1382 = -0*s, p + i*s = 265. What are the prime factors of p?
277
Let a(p) = p**3 - 22*p**2 - p + 28. Let x be a(22). Suppose -2*s + 4*s = 4. Let h = x - s. List the prime factors of h.
2
Let a(r) = -r**3 - 4*r**2 - r. Let t be a(-4). Suppose t*s - 9*s = -175. What are the prime factors of s?
5, 7
Let l = -77 - -360. List the prime factors of l.
283
Suppose 1 + 3 = -4*v. Let k be 141/v + -2 - -3. What are the prime factors of k/(-12) + (-2)/3?
11
Let q be 17 - 5 - (-2 - -4). Let f be ((-42)/5)/(q/(-50)). Suppose -2*j + f = 2*m - 0*m, -38 = -2*j + 2*m. What are the prime factors of j?
2, 5
Let p = 2272 + -1330. List the prime factors of p.
2, 3, 157
Suppose -4*m + 803 = -1277. What are the prime factors of m/12 - 3/9?
43
Suppose 0*i + 2*i = 0. Suppose -b = 5*y - 3*b - 99, -3*y - 3*b + 51 = i. Let a = 23 - y. What are the prime factors of a?
2
What are the prime factors of ((-26)/(-91))/((-2)/(-5404))?
2, 193
Suppose 3*g + 4*g - 1771 = 0. Let j be g/66 + (-1)/(-6). Suppose -5*i + 109 = 2*y, -313 = -5*y - 3*i + j*i. What are the prime factors of y?
2, 31
Let h = -18 - -59. Suppose -2*a + 17 + h = -2*l, 4*l = 5*a - 149. What are the prime factors of a?
3, 11
Let u = 2 + -26. Let n be (30/24)/((-1)/u). What are the prime factors of 174/45 - (-4)/n?
2
Let q(b) = -b**3 + 28*b**2 - 36*b - 35. What are the prime factors of q(25)?
2, 5, 47
Let r = 11 + -5. Let x(o) = 2*o**2 - 13*o + 9. Let g be x(r). Suppose h - 3*k - 68 = 0, -g*h + k + 152 = 5*k. List the prime factors of h.
2, 7
What are the prime factors of 962 + -8 + (3 - 8 - -2)?
3, 317
Let u(l) = -l**3 - 14*l**2 + 36*l - 51. What are the prime factors of u(-17)?
2, 3, 17
List the prime factors of (-6 - (-8280)/(-16))*10/(-5).
3, 349
What are the prime factors of -15 + 1088 + 3*-1?
2, 5, 107
Let y = 7 + -5. Suppose y*d + 19 = m, -3*m + m + 2*d + 40 = 0. Let g = 37 - m. List the prime factors of g.
2
Let u(c) = 8*c**3 + 10*c**2 - 8 + 9*c - 5*c**3 + c**3 - 3*c**3. Let z = -12 - -4. What are the prime factors of u(z)?
2, 3
Let w(c) = c + 25. Let r(u) = -u**3 - 2*u**2 + 7*u + 3. Let l be r(-5). Suppose 2*y + 49 = -q - 4*q, -l = 4*y - q. List the prime factors of w(y).
13
Let z = -82 - -761. What are the prime factors of z?
7, 97
Suppose -43*h + h = -102732. What are the prime factors of h?
2, 1223
Suppose -25 = 3*d - 259. Suppose k - d = -k. What are the prime factors 